se 7, what is 1 - 4615?
-4614
In base 3, what is -120 - -201111?
200221
In base 16, what is -4 - -521ff?
521fb
In base 10, what is -10165 - -102?
-10063
In base 14, what is -1dc + -90?
-28c
In base 7, what is 5 + 1145501?
1145506
In base 16, what is -6a - -1790?
1726
In base 15, what is 119 - -1ed0?
20e9
In base 3, what is 10021112 + -2?
10021110
In base 7, what is 1 - -62123?
62124
In base 11, what is -175651 - 0?
-175651
In base 13, what is -4 + -13365?
-13369
In base 3, what is 12211 - 20001?
-20
In base 12, what is 4 + -3a894b?
-3a8947
In base 14, what is -1713 + 3?
-1710
In base 10, what is 35217 - 56?
35161
In base 5, what is -3124123 + 2?
-3124121
In base 10, what is 3014983 + 3?
3014986
In base 16, what is -d2 + -16a?
-23c
In base 11, what is -2 - -2397a2?
2397a0
In base 14, what is 15d6 + -1b?
15b9
In base 11, what is 413 + 1?
414
In base 12, what is 6362 + -53?
630b
In base 3, what is -10112012100 + 21?
-10112012002
In base 3, what is 2001222 + 112?
2002111
In base 2, what is -1011101000011100010 - 101?
-1011101000011100111
In base 13, what is -324b + b?
-3240
In base 15, what is -40 + -61e?
-65e
In base 9, what is 0 - 656544?
-656544
In base 14, what is 130 + 32d?
45d
In base 6, what is 4 + 201444?
201452
In base 5, what is 101143 + -110?
101033
In base 4, what is 1 + -2210112212?
-2210112211
In base 11, what is -62248 - 14?
-62261
In base 14, what is -10 - 236?
-246
In base 16, what is -57 - -11bc?
1165
In base 4, what is 311131223 - 11?
311131212
In base 9, what is 2 - -1180822?
1180824
In base 2, what is 11011100 - 10111000?
100100
In base 3, what is 1120 + 200212?
202102
In base 11, what is -314 + 70a?
3a6
In base 7, what is 256 + 2?
261
In base 7, what is 61 + 43440?
43531
In base 8, what is -11775127 - -5?
-11775122
In base 5, what is -3 - -14011122?
14011114
In base 9, what is 1347 - -217?
1565
In base 3, what is 1010 + -2002112002?
-2002110222
In base 9, what is 11 + -3075?
-3064
In base 2, what is 11111110010111111 + -10?
11111110010111101
In base 3, what is -122210220 + -21?
-122211011
In base 13, what is 2a8 + -348?
-70
In base 8, what is 16 + -13146?
-13130
In base 2, what is -1110 - -1001001001101?
1001000111111
In base 14, what is -2 - -736?
734
In base 3, what is 212212 + -212?
212000
In base 4, what is -33122322 - -10?
-33122312
In base 7, what is 5331 - -422?
6053
In base 10, what is -688463 - -1?
-688462
In base 5, what is 110010 - 10?
110000
In base 13, what is 2 + -a6c8?
-a6c6
In base 16, what is 7 + -9cc?
-9c5
In base 7, what is 4 + 61236?
61243
In base 11, what is 37974 - -34?
379a8
In base 3, what is -12 - 1111202021?
-1111202110
In base 5, what is -11 + 2134030?
2134014
In base 11, what is 14 - -1416?
142a
In base 11, what is -1a81029 + -4?
-1a81032
In base 10, what is -5 + 22429?
22424
In base 6, what is 1003 - -550?
1553
In base 7, what is -110133 - -3?
-110130
In base 8, what is 0 + 6635?
6635
In base 8, what is -21440 + 1?
-21437
In base 12, what is -3 + -a707b?
-a7082
In base 8, what is 1102075 + -5?
1102070
In base 2, what is 10 + -11010101101000011?
-11010101101000001
In base 8, what is -341702 - -2?
-341700
In base 16, what is 1b3a - -5?
1b3f
In base 15, what is 32 + -ea?
-b8
In base 11, what is -a + 2561?
2552
In base 2, what is 10011110001100100111 + 101?
10011110001100101100
In base 10, what is -3 - -5082?
5079
In base 4, what is -301301 + 221?
-301020
In base 11, what is 27a + -70?
20a
In base 12, what is 272698 - -2?
27269a
In base 6, what is -1 + 24552322?
24552321
In base 6, what is 305033 - 1?
305032
In base 4, what is -10 - -1132010321?
1132010311
In base 6, what is 3 - -50035?
50042
In base 9, what is 30707 - 5?
30702
In base 9, what is 38 - 28314?
-28265
In base 16, what is -148 + -287?
-3cf
In base 14, what is 3 - 206a9?
-206a6
In base 7, what is -5 - 625454?
-625462
In base 11, what is -2 - -189103?
189101
In base 10, what is 84811 - -10?
84821
In base 6, what is -20134 + 221?
-15513
In base 13, what is 1579 - 159?
1420
In base 13, what is -12 - 3992a?
-3993c
In base 6, what is -4 - -1152101?
1152053
In base 5, what is 33442 + 20?
34012
In base 15, what is -151 + -335?
-486
In base 5, what is -2 + 320324?
320322
In base 4, what is 322 - -2130200?
2131122
In base 12, what is -56 - 95?
-12b
In base 12, what is 5 + b5b1?
b5b6
In base 3, what is -100110 - -100?
-100010
In base 3, what is -2011000120 + -1111?
-2011002001
In base 6, what is -110404302 - -1?
-110404301
In base 15, what is 383 + 1?
384
In base 10, what is 54905 - -2?
54907
In base 5, what is -13 - 3014411?
-3014424
In base 8, what is -7152 + 2135?
-5015
In base 4, what is -3113113 + 110?
-3113003
In base 3, what is -1010220110211 + 0?
-1010220110211
In base 5, what is -40133104 - -10?
-40133044
In base 15, what is -8854 + -4?
-8858
In base 9, what is 13 + -46380?
-46366
In base 10, what is 18103 - -1?
18104
In base 11, what is a7a - 32?
a48
In base 12, what is 231 + 178?
3a9
In base 5, what is -12304333 + -10?
-12304343
In base 10, what is -88140 + -5?
-88145
In base 12, what is 5a2b87 + 5?
5a2b90
In base 8, what is -15 + 3351?
3334
In base 4, what is -120 - 22222201?
-22222321
In base 16, what is -42ee0 + -4?
-42ee4
In base 15, what is 6ee + -2?
6ec
In base 7, what is 351103 - 11?
351062
In base 6, what is -12 + 15132?
15120
In base 11, what is 36a52 + 13?
36a65
In base 16, what is 22d15 - 0?
22d15
In base 4, what is 10303010 - -3?
10303013
In base 8, what is -276 - -607?
311
In base 5, what is 4003 + -231?
3222
In base 5, what is -2 - 2012401?
-2012403
In base 11, what is -8 - -97297?
9728a
In base 7, what is 10622 - -52?
11004
In base 5, what is 0 - 300100200?
-300100200
In base 12, what is -1a386 + -3?
-1a389
In base 3, what is 10 - -211111101?
211111111
In base 9, what is 80118 + 4?
80123
In base 6, what is 13224 - -31?
13255
In base 6, what is -34 + 144?
110
In base 4, what is 11 - -132320010?
132320021
In base 5, what is 142340 + -4?
142331
In base 8, what is -31 - 23652?
-23703
In base 9, what is -5 - 2162544?
-2162550
In base 16, what is -6 - -19b4?
19ae
In base 4, what is -31012221 - 0?
-31012221
In base 8, what is -45 - 50103?
-50150
In base 8, what is -163050 + 2?
-163046
In base 14, what is 2 - 353?
-351
In base 9, what is 125203 - 2?
125201
In base 8, what is -4553 + -1?
-4554
In base 3, what is 1012 - -2000?
10012
In base 10, what is 89 + -406?
-317
In base 8, what is 1 - -1367772?
1367773
In base 2, what is -1100011 + 11000011?
1100000
In base 8, what is -123120 + 26?
-123072
In base 14, what is -db28 + 7?
-db21
In base 8, what is 171445 + -4?
171441
In base 12, what is -790 + -2439?
-3009
In base 11, what is 3 + 108931?
108934
In base 4, what is -10 - -11303331?
11303321
In base 15, what is -85 + -b4c?
-bd2
In base 6, what is -425004 - -3?
-425001
In base 10, what is -216 - -77?
-139
In base 5, what is -433300 - 140?
-433440
In base 3, what is 202002 - 221102?
-12100
In base 13, what is -25 + 169ac?
16987
In base 15, what is 831dd + -e?
831ce
In base 3, what is -212 + 2201112?
2200200
In base 8, what is -3763 - -217?
-3544
In base 5, what is 424122 - 23?
424044
In base 5, what is 13020 - 1242?
11223
In base 13, what is -14 + 3cb6?
3ca2
In base 8, what is -2076 + -134?
-2232
In base 15, what is -7 - -17c0?
17b8
In base 4, what is 1023 + -103312?
-102223
In base 2, what is 0 - 11011100001000?
-11011100001000
In base 8, what is 51 - 74176?
-74125
In base 13, what is -22c + 2c6?
97
In base 5, what is 102233 - -11?
102244
In base 14, what is 6 + -d02a?
-d024
In base 3, what is 102 - 11121200?
-11121021
In base 12, what is -1a9 - 124?
-311
In base 3, what is 10 + 220112?
220122
In base 14, what is 2d - -583bd?
5840c
In base 14, what is b + 229?
236
In base 2, what is -10000 - 11001010?
-11011010
In base 2, what is 1100100011 - -100101000?
10001001011
In base 5, what is 43411124 + -2?
43411122
In base 4, what is -1012 - 131302?
-132320
In base 5, what is 10 + -34433?
-34423
In base 4, what is 1123112 + -10211?
1112301
In base 3, what is -11101222 - 1100?
-11110022
In base 14, what is -212 - 3a0?
-5b2
In base 12, what is -2 - 9005b?
-90061
In base 15, what is -168 - -c7?
-91
In base 9, what is 103814 + 45?
103860
In base 10, what is 3193166 + 2?
3193168
In base 5, what is -10 + 114100?
114040
In base 11, what is 13 